{"id":362,"date":"2025-10-27T09:37:07","date_gmt":"2025-10-27T09:37:07","guid":{"rendered":"https:\/\/refis.com\/?page_id=362"},"modified":"2025-12-02T19:14:53","modified_gmt":"2025-12-02T18:14:53","slug":"politica-de-accesibilidad","status":"publish","type":"page","link":"https:\/\/refis.com\/es\/politica-de-accesibilidad\/","title":{"rendered":"Pol\u00edtica de accesibilidad"},"content":{"rendered":"\t\t<div data-elementor-type=\"wp-page\" data-elementor-id=\"362\" class=\"elementor elementor-362\" data-elementor-post-type=\"page\">\n\t\t\t\t<div class=\"elementor-element elementor-element-e4070dc e-flex e-con-boxed e-con e-parent\" data-id=\"e4070dc\" data-element_type=\"container\">\n\t\t\t\t\t<div class=\"e-con-inner\">\n\t\t\t\t<div class=\"elementor-element elementor-element-bd025c4 elementor-widget elementor-widget-heading\" data-id=\"bd025c4\" data-element_type=\"widget\" data-widget_type=\"heading.default\">\n\t\t\t\t\t<h1 class=\"elementor-heading-title elementor-size-default\">Pol\u00edtica de accesibilidad<\/h1>\t\t\t\t<\/div>\n\t\t\t\t\t<\/div>\n\t\t\t\t<\/div>\n\t\t<div class=\"elementor-element elementor-element-f6c2126 e-flex e-con-boxed e-con e-parent\" data-id=\"f6c2126\" data-element_type=\"container\">\n\t\t\t\t\t<div class=\"e-con-inner\">\n\t\t\t\t<div class=\"elementor-element elementor-element-3a62b6d elementor-widget elementor-widget-text-editor\" data-id=\"3a62b6d\" data-element_type=\"widget\" data-widget_type=\"text-editor.default\">\n\t\t\t\t\t\t\t\t\t<p>La empresa REFIS INTERNACIONAL SL se ha comprometido a hacer accesible su sitio web de conformidad con el Real Decreto 1112\/2018, de 7 de septiembre, sobre accesibilidad de los sitios web y aplicaciones para dispositivos m\u00f3viles del sector p\u00fablico, o desarrollos financiados desde Europa.<\/p>\n<p>La presente declaraci\u00f3n de accesibilidad se aplica al sitio https:\/\/refis.com<br>, excluyendo los contenidos incrustados provenientes de otros dominios.<\/p>\n<p>Situaci\u00f3n de cumplimiento<\/p>\n<p>Este sitio web es parcialmente conforme con el RD 1112\/2018.<\/p>\n<p>Podr\u00edan existir archivos ofim\u00e1ticos en PDF u otros formatos publicados antes del 20 de septiembre de 2018 que no cumplan en su totalidad todos los requisitos de accesibilidad. Tambi\u00e9n puede haber contenidos de terceros que no est\u00e9n desarrollados por la entidad titular ni bajo su control, como archivos ofim\u00e1ticos de diferentes organismos que deban publicarse en este sitio.<\/p>\n<p>Preparaci\u00f3n de la presente declaraci\u00f3n de accesibilidad<\/p>\n<p>La presente declaraci\u00f3n fue preparada el 02 de Diciembre de 2025.<\/p>\n<p>El m\u00e9todo empleado para actualizar la declaraci\u00f3n ha sido una evaluaci\u00f3n externa.<\/p>\n<p>Observaciones y datos de contacto<\/p>\n<p>Puede realizar comunicaciones sobre requisitos de accesibilidad (art\u00edculo 10.2.a del RD 1112\/2018) como, por ejemplo:<\/p>\n<p>Informar sobre cualquier posible incumplimiento por parte de este sitio web.<\/p>\n<p>Transmitir otras dificultades de acceso al contenido.<\/p>\n<p>Formular cualquier otra consulta o sugerencia de mejora relativa a la accesibilidad del sitio web.<\/p>\n<p>Puede hacerlo a trav\u00e9s de:<\/p>\n<p>Tel\u00e9fono: 966 720 048 (de lunes a viernes de 9:00 a 14:00 horas)<\/p>\n<p>Correo electr\u00f3nico: info@proytecinformatica.com<\/p>\n<p>Procedimiento de reclamaci\u00f3n<\/p>\n<p>Si tras realizar una solicitud de informaci\u00f3n accesible o queja, esta hubiera sido desestimada, no se estuviera de acuerdo con la decisi\u00f3n adoptada, o la respuesta no cumpliera los requisitos del art\u00edculo 12.5 del RD 1112\/2018, puede presentar una reclamaci\u00f3n.<\/p>\n<p>Dicha reclamaci\u00f3n puede presentarse a trav\u00e9s de la Sede Electr\u00f3nica de la entidad correspondiente o mediante otra v\u00eda que establezca la normativa aplicable.<\/p>\t\t\t\t\t\t\t\t<\/div>\n\t\t\t\t\t<\/div>\n\t\t\t\t<\/div>\n\t\t\t\t<\/div>\n\t\t","protected":false},"excerpt":{"rendered":"<p>Pol\u00edtica de accesibilidad La empresa REFIS INTERNACIONAL SL se ha comprometido a hacer accesible su sitio web de conformidad con el Real Decreto 1112\/2018, de 7 de septiembre, sobre accesibilidad de los sitios web y aplicaciones para dispositivos m\u00f3viles del sector p\u00fablico, o desarrollos financiados desde Europa. La presente declaraci\u00f3n de accesibilidad se aplica al [&hellip;]<\/p>\n","protected":false},"author":1,"featured_media":0,"parent":0,"menu_order":0,"comment_status":"closed","ping_status":"closed","template":"","meta":{"footnotes":""},"class_list":["post-362","page","type-page","status-publish","hentry"],"yoast_head":"<!-- This site is optimized with the Yoast SEO plugin v26.5 - https:\/\/yoast.com\/wordpress\/plugins\/seo\/ -->\n<title>Pol\u00edtica de accesibilidad - REFIS Internacional<\/title>\n<meta name=\"robots\" content=\"index, follow, max-snippet:-1, max-image-preview:large, max-video-preview:-1\" \/>\n<link rel=\"canonical\" href=\"https:\/\/refis.com\/es\/politica-de-accesibilidad\/\" \/>\n<meta property=\"og:locale\" content=\"es_ES\" \/>\n<meta property=\"og:type\" content=\"article\" \/>\n<meta property=\"og:title\" content=\"Pol\u00edtica de accesibilidad - REFIS Internacional\" \/>\n<meta property=\"og:description\" content=\"Pol\u00edtica de accesibilidad La empresa REFIS INTERNACIONAL SL se ha comprometido a hacer accesible su sitio web de conformidad con el Real Decreto 1112\/2018, de 7 de septiembre, sobre accesibilidad de los sitios web y aplicaciones para dispositivos m\u00f3viles del sector p\u00fablico, o desarrollos financiados desde Europa. La presente declaraci\u00f3n de accesibilidad se aplica al [&hellip;]\" \/>\n<meta property=\"og:url\" content=\"https:\/\/refis.com\/es\/politica-de-accesibilidad\/\" \/>\n<meta property=\"og:site_name\" content=\"REFIS Internacional\" \/>\n<meta property=\"article:modified_time\" content=\"2025-12-02T18:14:53+00:00\" \/>\n<meta name=\"twitter:card\" content=\"summary_large_image\" \/>\n<meta name=\"twitter:label1\" content=\"Tiempo de lectura\" \/>\n\t<meta name=\"twitter:data1\" content=\"2 minutos\" \/>\n<script type=\"application\/ld+json\" class=\"yoast-schema-graph\">{\"@context\":\"https:\/\/schema.org\",\"@graph\":[{\"@type\":\"WebPage\",\"@id\":\"https:\/\/refis.com\/es\/politica-de-accesibilidad\/\",\"url\":\"https:\/\/refis.com\/es\/politica-de-accesibilidad\/\",\"name\":\"Pol\u00edtica de accesibilidad - REFIS Internacional\",\"isPartOf\":{\"@id\":\"https:\/\/refis.com\/es\/#website\"},\"datePublished\":\"2025-10-27T09:37:07+00:00\",\"dateModified\":\"2025-12-02T18:14:53+00:00\",\"breadcrumb\":{\"@id\":\"https:\/\/refis.com\/es\/politica-de-accesibilidad\/#breadcrumb\"},\"inLanguage\":\"es\",\"potentialAction\":[{\"@type\":\"ReadAction\",\"target\":[\"https:\/\/refis.com\/es\/politica-de-accesibilidad\/\"]}]},{\"@type\":\"BreadcrumbList\",\"@id\":\"https:\/\/refis.com\/es\/politica-de-accesibilidad\/#breadcrumb\",\"itemListElement\":[{\"@type\":\"ListItem\",\"position\":1,\"name\":\"Portada\",\"item\":\"https:\/\/refis.com\/es\/\"},{\"@type\":\"ListItem\",\"position\":2,\"name\":\"Pol\u00edtica de accesibilidad\"}]},{\"@type\":\"WebSite\",\"@id\":\"https:\/\/refis.com\/es\/#website\",\"url\":\"https:\/\/refis.com\/es\/\",\"name\":\"REFIS Internacional\",\"description\":\"Despacho especializado en asesor\u00eda fiscal, legal y de consultor\u00eda, dedicado a ofrecer soluciones integrales a particulares y empresas para optimizar su gesti\u00f3n, garantizar el cumplimiento normativo y apoyar en la toma de decisiones estrat\u00e9gicas.\",\"publisher\":{\"@id\":\"https:\/\/refis.com\/es\/#organization\"},\"potentialAction\":[{\"@type\":\"SearchAction\",\"target\":{\"@type\":\"EntryPoint\",\"urlTemplate\":\"https:\/\/refis.com\/es\/?s={search_term_string}\"},\"query-input\":{\"@type\":\"PropertyValueSpecification\",\"valueRequired\":true,\"valueName\":\"search_term_string\"}}],\"inLanguage\":\"es\"},{\"@type\":\"Organization\",\"@id\":\"https:\/\/refis.com\/es\/#organization\",\"name\":\"REFIS Internacional\",\"url\":\"https:\/\/refis.com\/es\/\",\"logo\":{\"@type\":\"ImageObject\",\"inLanguage\":\"es\",\"@id\":\"https:\/\/refis.com\/es\/#\/schema\/logo\/image\/\",\"url\":\"https:\/\/refis.com\/wp-content\/uploads\/2025\/09\/Diseno-sin-titulo-25.png\",\"contentUrl\":\"https:\/\/refis.com\/wp-content\/uploads\/2025\/09\/Diseno-sin-titulo-25.png\",\"width\":500,\"height\":500,\"caption\":\"REFIS Internacional\"},\"image\":{\"@id\":\"https:\/\/refis.com\/es\/#\/schema\/logo\/image\/\"}}]}<\/script>\n<!-- \/ Yoast SEO plugin. -->","yoast_head_json":{"title":"Pol\u00edtica de accesibilidad - REFIS Internacional","robots":{"index":"index","follow":"follow","max-snippet":"max-snippet:-1","max-image-preview":"max-image-preview:large","max-video-preview":"max-video-preview:-1"},"canonical":"https:\/\/refis.com\/es\/politica-de-accesibilidad\/","og_locale":"es_ES","og_type":"article","og_title":"Pol\u00edtica de accesibilidad - REFIS Internacional","og_description":"Pol\u00edtica de accesibilidad La empresa REFIS INTERNACIONAL SL se ha comprometido a hacer accesible su sitio web de conformidad con el Real Decreto 1112\/2018, de 7 de septiembre, sobre accesibilidad de los sitios web y aplicaciones para dispositivos m\u00f3viles del sector p\u00fablico, o desarrollos financiados desde Europa. La presente declaraci\u00f3n de accesibilidad se aplica al [&hellip;]","og_url":"https:\/\/refis.com\/es\/politica-de-accesibilidad\/","og_site_name":"REFIS Internacional","article_modified_time":"2025-12-02T18:14:53+00:00","twitter_card":"summary_large_image","twitter_misc":{"Tiempo de lectura":"2 minutos"},"schema":{"@context":"https:\/\/schema.org","@graph":[{"@type":"WebPage","@id":"https:\/\/refis.com\/es\/politica-de-accesibilidad\/","url":"https:\/\/refis.com\/es\/politica-de-accesibilidad\/","name":"Pol\u00edtica de accesibilidad - REFIS Internacional","isPartOf":{"@id":"https:\/\/refis.com\/es\/#website"},"datePublished":"2025-10-27T09:37:07+00:00","dateModified":"2025-12-02T18:14:53+00:00","breadcrumb":{"@id":"https:\/\/refis.com\/es\/politica-de-accesibilidad\/#breadcrumb"},"inLanguage":"es","potentialAction":[{"@type":"ReadAction","target":["https:\/\/refis.com\/es\/politica-de-accesibilidad\/"]}]},{"@type":"BreadcrumbList","@id":"https:\/\/refis.com\/es\/politica-de-accesibilidad\/#breadcrumb","itemListElement":[{"@type":"ListItem","position":1,"name":"Portada","item":"https:\/\/refis.com\/es\/"},{"@type":"ListItem","position":2,"name":"Pol\u00edtica de accesibilidad"}]},{"@type":"WebSite","@id":"https:\/\/refis.com\/es\/#website","url":"https:\/\/refis.com\/es\/","name":"REFIS Internacional","description":"Despacho especializado en asesor\u00eda fiscal, legal y de consultor\u00eda, dedicado a ofrecer soluciones integrales a particulares y empresas para optimizar su gesti\u00f3n, garantizar el cumplimiento normativo y apoyar en la toma de decisiones estrat\u00e9gicas.","publisher":{"@id":"https:\/\/refis.com\/es\/#organization"},"potentialAction":[{"@type":"SearchAction","target":{"@type":"EntryPoint","urlTemplate":"https:\/\/refis.com\/es\/?s={search_term_string}"},"query-input":{"@type":"PropertyValueSpecification","valueRequired":true,"valueName":"search_term_string"}}],"inLanguage":"es"},{"@type":"Organization","@id":"https:\/\/refis.com\/es\/#organization","name":"REFIS Internacional","url":"https:\/\/refis.com\/es\/","logo":{"@type":"ImageObject","inLanguage":"es","@id":"https:\/\/refis.com\/es\/#\/schema\/logo\/image\/","url":"https:\/\/refis.com\/wp-content\/uploads\/2025\/09\/Diseno-sin-titulo-25.png","contentUrl":"https:\/\/refis.com\/wp-content\/uploads\/2025\/09\/Diseno-sin-titulo-25.png","width":500,"height":500,"caption":"REFIS Internacional"},"image":{"@id":"https:\/\/refis.com\/es\/#\/schema\/logo\/image\/"}}]}},"_links":{"self":[{"href":"https:\/\/refis.com\/es\/wp-json\/wp\/v2\/pages\/362","targetHints":{"allow":["GET"]}}],"collection":[{"href":"https:\/\/refis.com\/es\/wp-json\/wp\/v2\/pages"}],"about":[{"href":"https:\/\/refis.com\/es\/wp-json\/wp\/v2\/types\/page"}],"author":[{"embeddable":true,"href":"https:\/\/refis.com\/es\/wp-json\/wp\/v2\/users\/1"}],"replies":[{"embeddable":true,"href":"https:\/\/refis.com\/es\/wp-json\/wp\/v2\/comments?post=362"}],"version-history":[{"count":13,"href":"https:\/\/refis.com\/es\/wp-json\/wp\/v2\/pages\/362\/revisions"}],"predecessor-version":[{"id":1159,"href":"https:\/\/refis.com\/es\/wp-json\/wp\/v2\/pages\/362\/revisions\/1159"}],"wp:attachment":[{"href":"https:\/\/refis.com\/es\/wp-json\/wp\/v2\/media?parent=362"}],"curies":[{"name":"wp","href":"https:\/\/api.w.org\/{rel}","templated":true}]}}

Política de accesibilidad

<div data-elementor-type="wp-page" data-elementor-id="362" class="elementor elementor-362" data-elementor-post-type="page">
				<div class="elementor-element elementor-element-e4070dc e-flex e-con-boxed e-con e-parent" data-id="e4070dc" data-element_type="container">
					<div class="e-con-inner">
				<div class="elementor-element elementor-element-bd025c4 elementor-widget elementor-widget-heading" data-id="bd025c4" data-element_type="widget" data-widget_type="heading.default">
					<h1 class="elementor-heading-title elementor-size-default">Política de accesibilidad</h1>				</div>
					</div>
				</div>
		<div class="elementor-element elementor-element-f6c2126 e-flex e-con-boxed e-con e-parent" data-id="f6c2126" data-element_type="container">
					<div class="e-con-inner">
				<div class="elementor-element elementor-element-3a62b6d elementor-widget elementor-widget-text-editor" data-id="3a62b6d" data-element_type="widget" data-widget_type="text-editor.default">
									<p>La empresa REFIS INTERNACIONAL SL se ha comprometido a hacer accesible su sitio web de conformidad con el Real Decreto 1112/2018, de 7 de septiembre, sobre accesibilidad de los sitios web y aplicaciones para dispositivos móviles del sector público, o desarrollos financiados desde Europa.</p>
<p>La presente declaración de accesibilidad se aplica al sitio https://refis.com<br>, excluyendo los contenidos incrustados provenientes de otros dominios.</p>
<p>Situación de cumplimiento</p>
<p>Este sitio web es parcialmente conforme con el RD 1112/2018.</p>
<p>Podrían existir archivos ofimáticos en PDF u otros formatos publicados antes del 20 de septiembre de 2018 que no cumplan en su totalidad todos los requisitos de accesibilidad. También puede haber contenidos de terceros que no estén desarrollados por la entidad titular ni bajo su control, como archivos ofimáticos de diferentes organismos que deban publicarse en este sitio.</p>
<p>Preparación de la presente declaración de accesibilidad</p>
<p>La presente declaración fue preparada el 02 de Diciembre de 2025.</p>
<p>El método empleado para actualizar la declaración ha sido una evaluación externa.</p>
<p>Observaciones y datos de contacto</p>
<p>Puede realizar comunicaciones sobre requisitos de accesibilidad (artículo 10.2.a del RD 1112/2018) como, por ejemplo:</p>
<p>Informar sobre cualquier posible incumplimiento por parte de este sitio web.</p>
<p>Transmitir otras dificultades de acceso al contenido.</p>
<p>Formular cualquier otra consulta o sugerencia de mejora relativa a la accesibilidad del sitio web.</p>
<p>Puede hacerlo a través de:</p>
<p>Teléfono: 966 720 048 (de lunes a viernes de 9:00 a 14:00 horas)</p>
<p>Correo electrónico: info@proytecinformatica.com</p>
<p>Procedimiento de reclamación</p>
<p>Si tras realizar una solicitud de información accesible o queja, esta hubiera sido desestimada, no se estuviera de acuerdo con la decisión adoptada, o la respuesta no cumpliera los requisitos del artículo 12.5 del RD 1112/2018, puede presentar una reclamación.</p>
<p>Dicha reclamación puede presentarse a través de la Sede Electrónica de la entidad correspondiente o mediante otra vía que establezca la normativa aplicable.</p>								</div>
					</div>
				</div>
				</div>

<p>Política de accesibilidad La empresa REFIS INTERNACIONAL SL se ha comprometido a hacer accesible su sitio web de conformidad con el Real Decreto 1112/2018, de 7 de septiembre, sobre accesibilidad de los sitios web y aplicaciones para dispositivos móviles del sector público, o desarrollos financiados desde Europa. La presente declaración de accesibilidad se aplica al [&hellip;]</p>

<!-- This site is optimized with the Yoast SEO plugin v26.5 - https://yoast.com/wordpress/plugins/seo/ -->
<title>Política de accesibilidad - REFIS Internacional</title>
<meta name="robots" content="index, follow, max-snippet:-1, max-image-preview:large, max-video-preview:-1" />
<link rel="canonical" href="https://refis.com/es/politica-de-accesibilidad/" />
<meta property="og:locale" content="es_ES" />
<meta property="og:type" content="article" />
<meta property="og:title" content="Política de accesibilidad - REFIS Internacional" />
<meta property="og:description" content="Política de accesibilidad La empresa REFIS INTERNACIONAL SL se ha comprometido a hacer accesible su sitio web de conformidad con el Real Decreto 1112/2018, de 7 de septiembre, sobre accesibilidad de los sitios web y aplicaciones para dispositivos móviles del sector público, o desarrollos financiados desde Europa. La presente declaración de accesibilidad se aplica al [&hellip;]" />
<meta property="og:url" content="https://refis.com/es/politica-de-accesibilidad/" />
<meta property="og:site_name" content="REFIS Internacional" />
<meta property="article:modified_time" content="2025-12-02T18:14:53+00:00" />
<meta name="twitter:card" content="summary_large_image" />
<meta name="twitter:label1" content="Tiempo de lectura" />
	<meta name="twitter:data1" content="2 minutos" />
<script type="application/ld+json" class="yoast-schema-graph">{"@context":"https://schema.org","@graph":[{"@type":"WebPage","@id":"https://refis.com/es/politica-de-accesibilidad/","url":"https://refis.com/es/politica-de-accesibilidad/","name":"Política de accesibilidad - REFIS Internacional","isPartOf":{"@id":"https://refis.com/es/#website"},"datePublished":"2025-10-27T09:37:07+00:00","dateModified":"2025-12-02T18:14:53+00:00","breadcrumb":{"@id":"https://refis.com/es/politica-de-accesibilidad/#breadcrumb"},"inLanguage":"es","potentialAction":[{"@type":"ReadAction","target":["https://refis.com/es/politica-de-accesibilidad/"]}]},{"@type":"BreadcrumbList","@id":"https://refis.com/es/politica-de-accesibilidad/#breadcrumb","itemListElement":[{"@type":"ListItem","position":1,"name":"Portada","item":"https://refis.com/es/"},{"@type":"ListItem","position":2,"name":"Política de accesibilidad"}]},{"@type":"WebSite","@id":"https://refis.com/es/#website","url":"https://refis.com/es/","name":"REFIS Internacional","description":"Despacho especializado en asesoría fiscal, legal y de consultoría, dedicado a ofrecer soluciones integrales a particulares y empresas para optimizar su gestión, garantizar el cumplimiento normativo y apoyar en la toma de decisiones estratégicas.","publisher":{"@id":"https://refis.com/es/#organization"},"potentialAction":[{"@type":"SearchAction","target":{"@type":"EntryPoint","urlTemplate":"https://refis.com/es/?s={search_term_string}"},"query-input":{"@type":"PropertyValueSpecification","valueRequired":true,"valueName":"search_term_string"}}],"inLanguage":"es"},{"@type":"Organization","@id":"https://refis.com/es/#organization","name":"REFIS Internacional","url":"https://refis.com/es/","logo":{"@type":"ImageObject","inLanguage":"es","@id":"https://refis.com/es/#/schema/logo/image/","url":"https://refis.com/wp-content/uploads/2025/09/Diseno-sin-titulo-25.png","contentUrl":"https://refis.com/wp-content/uploads/2025/09/Diseno-sin-titulo-25.png","width":500,"height":500,"caption":"REFIS Internacional"},"image":{"@id":"https://refis.com/es/#/schema/logo/image/"}}]}</script>
<!-- / Yoast SEO plugin. -->

Política de accesibilidad - REFIS Internacional

Política de accesibilidad La empresa REFIS INTERNACIONAL SL se ha comprometido a hacer accesible su sitio web de conformidad con el Real Decreto 1112/2018, de 7 de septiembre, sobre accesibilidad de los sitios web y aplicaciones para dispositivos móviles del sector público, o desarrollos financiados desde Europa. La presente declaración de accesibilidad se aplica al [&hellip;]

Despacho especializado en asesoría fiscal, legal y de consultoría, dedicado a ofrecer soluciones integrales a particulares y empresas para optimizar su gestión, garantizar el cumplimiento normativo y apoyar en la toma de decisiones estratégicas.
